or of h and 144?
36
Let f(s) = 219*s**2 + 76*s + 547. Let j be f(-7). Calculate the greatest common factor of 108 and j.
54
Let j be 860/(-258) + (-1594)/(-3). Calculate the greatest common factor of j and 216.
24
Suppose -1 = -p + 25. Let d be 0*(-1 - 2/(-1)). Suppose -25 = -l + 4*o - 5*o, -3*l - 2*o + 76 = d. What is the highest common divisor of p and l?
26
Let i(x) = -x**2 + 10*x + 10. Let j be i(10). Let v be (-2 + j)/4 - 3. Let b be v*(-4)/(-20) - (-76)/5. Calculate the highest common factor of 20 and b.
5
Let n be (-12)/10*(-940)/282. Let v(h) = -h**2 + 7*h + 8. Let d be v(9). Let u be (d/15)/(2/(-48)). What is the highest common divisor of u and n?
4
Let q be ((-34)/(-4) + -1)*(-18)/(-27). Suppose -10*r + 22 = v - q*r, -r = -2*v + 22. Let a be 8/20 + 478/5. Calculate the highest common factor of v and a.
12
Let q = -12721 - -15688. What is the highest common factor of 276 and q?
69
Suppose -4*l + 51 = 19. Let f(r) = -3*r + 26. Let n be f(l). Let w(u) = u + 8. Let i be w(-7). Calculate the greatest common divisor of i and n.
1
Suppose -61*w - 21164 = -24*w. Let s = -284 - w. What is the highest common factor of s and 64?
32
Let m be 2/1 + -16 + -3. Let u = -1 - m. Suppose 27*h - 132 = 84. Calculate the greatest common divisor of h and u.
8
Suppose 38 + 30 = 3*b - 5*j, b - 3*j - 28 = 0. Suppose -19 = -4*h + 3*w, -94*w = -92*w + 10. What is the highest common factor of b and h?
1
Let q be (1 - 318/(-10))/(876/6570). Calculate the highest common divisor of 31242 and q.
246
Let k = 3386 + -2052. What is the greatest common divisor of k and 116?
58
Let t be 15/4*((-375)/(-9) - -1). Let l be (-3)/(6/16)*(-504)/63. What is the greatest common factor of l and t?
32
Let g = -709 - -755. Let a = -532 + 854. What is the highest common factor of g and a?
46
Let s be (-812)/87*171/(-399). Suppose -r - 2*j + 8 = 0, -2*r + 0*j - 3*j + 20 = 0. What is the highest common divisor of r and s?
4
Suppose -4*j - 31 = 105. Let f be (4/(-6))/(j/51). Let h be f/(-4) - (-232)/32. Calculate the highest common divisor of h and 49.
7
Suppose 19*o - 76 = o + 464. Let u be (-358)/(-6) + 4/12. Calculate the greatest common factor of o and u.
30
Suppose 16*k - 3373 + 2237 = 0. Calculate the greatest common factor of 7526 and k.
71
Let k = -15 + 16. Let n be k/(-2)*(-17 + 11). Suppose -9 = -3*h, n*o + o = -4*h + 52. What is the greatest common factor of o and 25?
5
Let w(q) = q**3 - 3*q**2 - 5*q - 12. Let c be 4 + 7 + (-6 - -1). Let k be w(c). What is the highest common factor of 165 and k?
33
Let i = 3 - 52. Let j = -44 - i. Suppose 3*r = j*r - 80. Calculate the greatest common factor of r and 10.
10
Suppose -2*g = -3*g + 14. Suppose 91*l + 2992 = 102*l. Let v = l - 258. What is the greatest common factor of v and g?
14
Let v be 12048/288 - 3/(-18). Suppose 2*f - 7*f = -525. Calculate the greatest common divisor of f and v.
21
Suppose 156725 = 4*t - 5*o, 3*t + 120*o - 117535 = 122*o. Calculate the highest common divisor of 25 and t.
25
Let a be ((-4)/24 + 670/(-12))*3. Let l be (-1)/((-5)/a)*(-60)/12. Calculate the highest common factor of l and 21.
21
Let k be -336*(7 + 104/(-8) + (-32)/(-6)). What is the highest common divisor of k and 1176?
56
Let h = 2940 - 2788. Calculate the greatest common factor of 171 and h.
19
Let j = -181 + 276. Suppose -233 - 71 = -16*f. Calculate the greatest common divisor of f and j.
19
Suppose 5*b = 3*x - 65221 - 10345, 0 = -5*x + b + 125914. What is the greatest common divisor of x and 18?
18
Suppose 361*y - 425 = 336*y. Calculate the greatest common divisor of y and 493.
17
Let j(q) = -2*q**3 + 197*q**2 + 107*q + 693. Let p be j(99). Calculate the highest common divisor of 207 and p.
9
Let g be ((-4)/(-6))/((-2)/(-570)). Let j = -252 - -300. Suppose v - 5*v - 2*r = -j, -3*v - 4*r = -46. Calculate the highest common divisor of v and g.
10
Let v = 62 + -59. Suppose -5*u - 3*d + 273 = 0, -5*u + v*d = -0*d - 297. What is the highest common divisor of u and 19?
19
Suppose 24394 - 3508 + 4650 = 76*u. What is the highest common factor of 240 and u?
48
Let k(m) = -130*m**2 + 920*m + 16. Let t be k(7). Calculate the greatest common divisor of t and 7740.
86
Let z = 3076 - 3042. Let h = -407 - -813. Suppose -k = 4*b - 84 - 14, h = 4*k + 2*b. What is the greatest common factor of z and k?
34
Let c be ((-4)/10)/(3/(-615)). Let o = c + -49. Suppose 0 = -3*i + 3*m, -2403 + 2326 = -2*i - 5*m. What is the greatest common factor of i and o?
11
Let w be 155880/27*6/5. Calculate the highest common divisor of w and 64.
16
Let c be (-24)/(-648)*45 - (-3640)/3. What is the greatest common divisor of c and 972?
243
Suppose l - 355 = -347. Let m be (-8342)/(-86) - (-1 + l). What is the greatest common divisor of 36 and m?
18
Suppose 4*a = 3*i - 311, -5*i - 145 = -3*a - 656. What is the greatest common factor of 21311 and i?
101
Let k be (66/9)/(2/6). Let z(p) = 817*p + 8192. Let l be z(-10). What is the greatest common divisor of k and l?
22
Suppose 734*g = 714*g + 4500. What is the greatest common divisor of g and 1200?
75
Suppose -5*f + 2*f - 4*i = -95, 0 = 5*f - 2*i - 193. Suppose -3*r = -4*m - f, -2*r - 6*m = -m + 6. Calculate the greatest common divisor of r and 259.
7
Let c = -4729 - -5094. What is the highest common divisor of c and 40?
5
Suppose 3*l + 234 = 4*h, h - 3*l + 66 = 2*h. Let k be (-12)/14*-3*84/6. Calculate the greatest common factor of k and h.
12
Let w(l) = l**3 - 4*l**2 + 3*l - 9. Let p be w(4). Suppose 0 = -5*o + p*o - 4. Let k be 2 - (-316)/(-8)*o. Calculate the highest common divisor of k and 9.
9
Let j(a) = -23 - 10*a**2 - 113*a - a**3 + 192*a - 11*a**2 - 103*a. Let l be j(-20). Calculate the highest common factor of l and 57.
57
Let l be (1/4)/(265428/13968 + -19). What is the greatest common divisor of l and 38509?
97
Suppose y = l + 1, 3*y - 2 = 1. Suppose l*f + 12 = 4*r - f, f - 12 = -2*r. Let g be (3 - 2 - -43)/1. Calculate the highest common divisor of r and g.
4
Let h be 1 - ((-6543)/(10 + -1))/1. Calculate the greatest common divisor of 56 and h.
56
Suppose -88175 - 3796 = -257*x - 222. Calculate the greatest common factor of x and 3451.
119
Let r be (-180)/(-5) - (-6 + 7 - 0)*-1. Suppose 5*m + 0*m = 925. Calculate the highest common factor of m and r.
37
Suppose -2*p - d + 2 = -3, -2*p + 30 = -4*d. Suppose 47 - 477 = -p*r. Let t = r - 70. Calculate the greatest common divisor of t and 8.
8
Let j = -713 - -490. Let w = 393 + j. Suppose -4*o + 223 = -49. Calculate the highest common factor of o and w.
34
Suppose 109*b = -64*b + 1366181. What is the highest common divisor of 149 and b?
149
Suppose 27771 = 51*k + 51*k + 3291. Suppose -5*i + 3*i + 384 = 0. What is the greatest common factor of k and i?
48
Let u be 30 - (-10 - -38 - 2). Let v = -1 + 2. What is the highest common divisor of u and v?
1
Let g be ((-156267)/(-27) - 10) + (2/3)/2. Calculate the greatest common factor of g and 108.
54
Suppose 5*d = f - 2050, 918 = 3*f + 4*d - 5137. What is the greatest common factor of 25 and f?
25
Suppose -2242 = 15*h + 1133. Let x = h - -548. What is the highest common factor of x and 34?
17
Let h = -2803 - -6089. What is the highest common divisor of 62 and h?
62
Suppose 2*o = n + 35, -82 = -5*o - 3*n - 0*n. Suppose -4*t + 10 = -14, -5*d = -4*t - 401. Calculate the highest common divisor of d and o.
17
Suppose 0 = 214*y - 4923 - 2353. Let l be 305/1 - (-2)/2. What is the greatest common factor of y and l?
34
Let j be 436/6 + (-288)/432. Suppose -5*k = -b + 3, -2*b + 21 - 7 = -2*k. What is the greatest common divisor of j and b?
8
Let o be ((-2940)/175)/((-5)/525). Calculate the greatest common factor of o and 56.
28
Let z = -23 + 26. Let d be z/(-1)*4/(-4). Suppose -8*g + d + 13 = 0. Calculate the greatest common factor of 4 and g.
2
Let p be (-6 - -2) + 7 + 35*(-5 + 8). Calculate the highest common divisor of 2412 and p.
36
Let h be (58/(-58))/((-1)/((-6)/10) - 2). What is the highest common factor of 6609 and h?
3
Suppose 2*i + 0*i = 112. Let r(q) = -q**3 - 11*q**2 - 18*q + 8. Let k be 9/2*(-2 + (1 - 1)). Let u be r(k). Calculate the greatest common factor of u and i.
8
Let f = 1780 - 1755. Suppose -5*n = 5*i - 3*i - 498, -2*n + 205 = -5*i. What is the highest common factor of n and f?
25
Let l = -5036 - -5311. What is the gr